rs of 5257?
7, 751
What are the prime factors of 17684?
2, 4421
What are the prime factors of 3816?
2, 3, 53
List the prime factors of 1082.
2, 541
List the prime factors of 48498.
2, 3, 59, 137
List the prime factors of 6412.
2, 7, 229
What are the prime factors of 1011?
3, 337
List the prime factors of 79462.
2, 67, 593
List the prime factors of 77345.
5, 31, 499
List the prime factors of 49427.
7, 23, 307
What are the prime factors of 8048?
2, 503
What are the prime factors of 10540?
2, 5, 17, 31
List the prime factors of 18863.
13, 1451
List the prime factors of 3357.
3, 373
What are the prime factors of 1124?
2, 281
List the prime factors of 535.
5, 107
What are the prime factors of 4239?
3, 157
What are the prime factors of 403?
13, 31
List the prime factors of 63353.
63353
What are the prime factors of 4541?
19, 239
What are the prime factors of 42316?
2, 71, 149
What are the prime factors of 3120?
2, 3, 5, 13
List the prime factors of 121793.
7, 127, 137
What are the prime factors of 107474?
2, 17, 29, 109
What are the prime factors of 891?
3, 11
What are the prime factors of 26392?
2, 3299
List the prime factors of 41129.
11, 3739
List the prime factors of 744.
2, 3, 31
What are the prime factors of 19181?
19181
What are the prime factors of 968?
2, 11
List the prime factors of 708.
2, 3, 59
List the prime factors of 100.
2, 5
What are the prime factors of 26742?
2, 3, 4457
List the prime factors of 1933.
1933
What are the prime factors of 1796?
2, 449
What are the prime factors of 104466?
2, 3, 23, 757
List the prime factors of 2803.
2803
List the prime factors of 6356.
2, 7, 227
List the prime factors of 4245.
3, 5, 283
List the prime factors of 4904.
2, 613
List the prime factors of 87842.
2, 167, 263
List the prime factors of 492.
2, 3, 41
What are the prime factors of 2873?
13, 17
What are the prime factors of 137?
137
List the prime factors of 40161.
3, 11, 1217
List the prime factors of 794.
2, 397
What are the prime factors of 66892?
2, 7, 2389
List the prime factors of 2076.
2, 3, 173
List the prime factors of 10028.
2, 23, 109
What are the prime factors of 52106?
2, 26053
What are the prime factors of 1449?
3, 7, 23
What are the prime factors of 36452?
2, 13, 701
What are the prime factors of 6112?
2, 191
What are the prime factors of 6?
2, 3
What are the prime factors of 142855?
5, 28571
What are the prime factors of 73678?
2, 11, 17, 197
List the prime factors of 1241.
17, 73
What are the prime factors of 2282?
2, 7, 163
What are the prime factors of 85678?
2, 42839
What are the prime factors of 1764?
2, 3, 7
What are the prime factors of 33549?
3, 53, 211
What are the prime factors of 974?
2, 487
List the prime factors of 16101.
3, 1789
List the prime factors of 23742.
2, 3, 1319
List the prime factors of 11219.
13, 863
List the prime factors of 2616.
2, 3, 109
What are the prime factors of 3079?
3079
List the prime factors of 35883.
3, 443
What are the prime factors of 430?
2, 5, 43
What are the prime factors of 770?
2, 5, 7, 11
List the prime factors of 115231.
139, 829
List the prime factors of 936.
2, 3, 13
List the prime factors of 107770.
2, 5, 13, 829
List the prime factors of 9965.
5, 1993
What are the prime factors of 9393?
3, 31, 101
List the prime factors of 91.
7, 13
What are the prime factors of 5628?
2, 3, 7, 67
List the prime factors of 1945.
5, 389
List the prime factors of 1861.
1861
What are the prime factors of 1847?
1847
What are the prime factors of 9731?
37, 263
List the prime factors of 2309.
2309
What are the prime factors of 5199?
3, 1733
List the prime factors of 23951.
43, 557
What are the prime factors of 3138?
2, 3, 523
List the prime factors of 1336.
2, 167
List the prime factors of 2591.
2591
What are the prime factors of 51713?
51713
What are the prime factors of 168?
2, 3, 7
List the prime factors of 14.
2, 7
List the prime factors of 19024.
2, 29, 41
List the prime factors of 1698.
2, 3, 283
What are the prime factors of 15058?
2, 7529
List the prime factors of 538.
2, 269
What are the prime factors of 1476?
2, 3, 41
List the prime factors of 628.
2, 157
What are the prime factors of 2667?
3, 7, 127
List the prime factors of 1075.
5, 43
List the prime factors of 6718.
2, 3359
List the prime factors of 15531.
3, 31, 167
What are the prime factors of 6783?
3, 7, 17, 19
List the prime factors of 3802.
2, 1901
List the prime factors of 105642.
2, 3, 5869
List the prime factors of 1817.
23, 79
List the prime factors of 4519.
4519
What are the prime factors of 3396?
2, 3, 283
List the prime factors of 7686.
2, 3, 7, 61
List the prime factors of 27112.
2, 3389
What are the prime factors of 4434?
2, 3, 739
What are the prime factors of 1390?
2, 5, 139
What are the prime factors of 1061?
1061
List the prime factors of 481.
13, 37
List the prime factors of 33185.
5, 6637
List the prime factors of 8396.
2, 2099
List the prime factors of 3039.
3, 1013
List the prime factors of 2485.
5, 7, 71
What are the prime factors of 2223?
3, 13, 19
What are the prime factors of 922?
2, 461
What are the prime factors of 27129?
3, 9043
What are the prime factors of 739?
739
What are the prime factors of 9641?
31, 311
What are the prime factors of 29362?
2, 53, 277
List the prime factors of 126.
2, 3, 7
What are the prime factors of 6083?
7, 11, 79
What are the prime factors of 15685?
5, 3137
List the prime factors of 64808.
2, 8101
List the prime factors of 102221.
7, 17, 859
What are the prime factors of 12565?
5, 7, 359
What are the prime factors of 9153?
3, 113
What are the prime factors of 1051?
1051
What are the prime factors of 60696?
2, 3, 281
What are the prime factors of 2891?
7, 59
List the prime factors of 1704.
2, 3, 71
List the prime factors of 50102.
2, 13, 41, 47
What are the prime factors of 132353?
13, 10181
List the prime factors of 13081.
103, 127
What are the prime factors of 2964?
2, 3, 13, 19
List the prime factors of 1163.
1163
List the prime factors of 28706.
2, 31, 463
What are the prime factors of 27784?
2, 23, 151
What are the prime factors of 70452?
2, 3, 19, 103
List the prime factors of 11131.
11131
List the prime factors of 2216.
2, 277
List the prime factors of 1734.
2, 3, 17
List the prime factors of 5303.
5303
List the prime factors of 9566.
2, 4783
List the prime factors of 1407.
3, 7, 67
List the prime factors of 11957.
11, 1087
What are the prime factors of 5009?
5009
List the prime factors of 2127.
3, 709
List the prime factors of 8747.
8747
List the prime factors of 6677.
11, 607
List the prime factors of 1475.
5, 59
What are the prime factors of 7202?
2, 13, 277
What are the prime factors of 133468?
2, 61, 547
List the prime factors of 1460.
2, 5, 73
What are the prime factors of 45306?
2, 3, 839
List the prime factors of 16552.
2, 2069
List the prime factors of 420.
2, 3, 5, 7
List the prime factors of 2298.
2, 3, 383
What are the prime factors of 46?
2, 23
What are the prime factors of 1819?
17, 107
What are the prime factors of 13696?
2, 107
What are the prime factors of 1745?
5, 349
What are the prime factors of 38424?
2, 3, 1601
What are the prime factors of 1169?
7, 167
What are the prime factors of 1726?
2, 863
List the prime factors of 1500.
2, 3, 5
What are the prime factors of 27716?
2, 13, 41
List the prime factors of 3823.
3823
List the prime factors of 1139.
17, 67
What are the prime factors of 11660?
2, 5, 11, 53
What are the prime factors of 43544?
2, 5443
List the prime factors of 1523.
1523
What are the prime factors of 2271?
3, 757
What are the prime factors of 2387?
7, 11, 31
What are the prime factors of 914?
2, 457
What are the prime factors of 385?
5, 7, 11
What are the prime factors of 18806?
2, 9403
What are the prime factors of 33373?
23, 1451
What are the prime factors of 2523?
3, 29
What are the prime factors of 11633?
11633
What are the prime factors of 47400?
2, 3, 5, 79
List the prime factors of 30628.
2, 13, 19, 31
What are the prime factors of 6165?
3, 5, 137
List the prime factors of 38803.
38803
List the prime factors of 1201.
1201
What are the prime factors of 4749?
3, 1583
List the prime factors of 13993.
7, 1999
What are the prime factors of 12610?
2, 5, 13, 97
What are the prime factors of 1088?
2, 17
List the prime factors of 3248.